{"id":4710,"date":"2023-07-11T15:44:11","date_gmt":"2023-07-11T13:44:11","guid":{"rendered":"https:\/\/coilovers.pl\/?post_type=product&#038;p=4710"},"modified":"2023-07-11T15:44:11","modified_gmt":"2023-07-11T13:44:11","slug":"bc-racing-zf-01-v1-vm-daihatsu-coo-06-12r","status":"publish","type":"product","link":"https:\/\/coilovers.pl\/index.php\/produkt\/bc-racing-zf-01-v1-vm-daihatsu-coo-06-12r\/","title":{"rendered":"BC Racing Zf-01 V1-VM Daihatsu COO 06-12r"},"content":{"rendered":"<p>Marka\/Model: Daihatsu COO<br \/>\nRoczniki: 06-12<\/p>\n<p>Na ulic\u0119 i tor<\/p>\n<p>Og\u00f3lne cechy zawiesze\u0144 BC ( zale\u017cne od modelu auta) :<\/p>\n<ul>\n<li>dla wybranych wariant\u00f3w g\u00f3rne mocowania metalowe wraz z \u0142o\u017cyskami<\/li>\n<li>dla wybranych wariant\u00f3w mo\u017cliwo\u015b\u0107 ustawienia k\u0105t\u00f3w pochylenia \u2013 cambery<\/li>\n<li>mocowania wykonane z wysokiej jako\u015bci aluminium<\/li>\n<li>30-sto stopniowa regulacja twardo\u015bci<\/li>\n<li>regulacja wysoko\u015bci \/ napi\u0119cia spr\u0119\u017cyn<\/li>\n<li>regulacja wysoko\u015bci dolnego mocowania w celu zapewnienia pracy w pe\u0142nym skoku<\/li>\n<li>specjalne os\u0142ony t\u0142oczysk dla zapewnienia pe\u0142nej ochrony przed zanieczyszczeniami<\/li>\n<li>mo\u017cliwo\u015b\u0107 dobrania spr\u0119\u017cyn o innej twardo\u015bci z katalogu producenta za dop\u0142at\u0105<br \/>\nCzas realizacji do 4 tygodni.<br \/>\nProsze pyta\u0107 przed z\u0142o\u017ceniem zam\u00f3wienia.<\/li>\n<\/ul>\n","protected":false},"excerpt":{"rendered":"<p>Marka\/Model: Daihatsu COO Roczniki: 06-12 Na ulic\u0119 i tor Og\u00f3lne cechy zawiesze\u0144 BC ( zale\u017cne od modelu auta) : dla wybranych wariant\u00f3w g\u00f3rne mocowania metalowe wraz z \u0142o\u017cyskami dla wybranych wariant\u00f3w mo\u017cliwo\u015b\u0107 ustawienia k\u0105t\u00f3w pochylenia \u2013 cambery mocowania wykonane z wysokiej jako\u015bci aluminium 30-sto stopniowa regulacja twardo\u015bci regulacja wysoko\u015bci \/ napi\u0119cia spr\u0119\u017cyn regulacja wysoko\u015bci dolnego &hellip;<\/p>\n<p class=\"read-more\"> <a class=\"\" href=\"https:\/\/coilovers.pl\/index.php\/produkt\/bc-racing-zf-01-v1-vm-daihatsu-coo-06-12r\/\"> <span class=\"screen-reader-text\">BC Racing Zf-01 V1-VM Daihatsu COO 06-12r<\/span> Read More &raquo;<\/a><\/p>\n","protected":false},"featured_media":4424,"template":"","meta":[],"class_list":["post-4710","product","type-product","status-publish","has-post-thumbnail","hentry","pwb-brand-bc-racing","product_cat-daihatsu"],"brands":[{"id":64,"name":"BC Racing","slug":"bc-racing"}],"yoast_head":"<!-- This site is optimized with the Yoast SEO plugin v24.7 - https:\/\/yoast.com\/wordpress\/plugins\/seo\/ -->\n<title>BC Racing Zf-01 V1-VM Daihatsu COO 06-12r - CoiloversPL<\/title>\n<meta name=\"robots\" content=\"index, follow, max-snippet:-1, max-image-preview:large, max-video-preview:-1\" \/>\n<link rel=\"canonical\" href=\"https:\/\/coilovers.pl\/index.php\/produkt\/bc-racing-zf-01-v1-vm-daihatsu-coo-06-12r\/\" \/>\n<meta property=\"og:locale\" content=\"pl_PL\" \/>\n<meta property=\"og:type\" content=\"article\" \/>\n<meta property=\"og:title\" content=\"BC Racing Zf-01 V1-VM Daihatsu COO 06-12r - CoiloversPL\" \/>\n<meta property=\"og:description\" content=\"Marka\/Model: Daihatsu COO Roczniki: 06-12 Na ulic\u0119 i tor Og\u00f3lne cechy zawiesze\u0144 BC ( zale\u017cne od modelu auta) : dla wybranych wariant\u00f3w g\u00f3rne mocowania metalowe wraz z \u0142o\u017cyskami dla wybranych wariant\u00f3w mo\u017cliwo\u015b\u0107 ustawienia k\u0105t\u00f3w pochylenia \u2013 cambery mocowania wykonane z wysokiej jako\u015bci aluminium 30-sto stopniowa regulacja twardo\u015bci regulacja wysoko\u015bci \/ napi\u0119cia spr\u0119\u017cyn regulacja wysoko\u015bci dolnego &hellip; BC Racing Zf-01 V1-VM Daihatsu COO 06-12r Read More &raquo;\" \/>\n<meta property=\"og:url\" content=\"https:\/\/coilovers.pl\/index.php\/produkt\/bc-racing-zf-01-v1-vm-daihatsu-coo-06-12r\/\" \/>\n<meta property=\"og:site_name\" content=\"CoiloversPL\" \/>\n<meta property=\"article:publisher\" content=\"https:\/\/www.facebook.com\/coiloverspl\" \/>\n<meta property=\"og:image\" content=\"https:\/\/coilovers.pl\/wp-content\/uploads\/2023\/06\/BC-V1.jpg\" \/>\n\t<meta property=\"og:image:width\" content=\"1200\" \/>\n\t<meta property=\"og:image:height\" content=\"850\" \/>\n\t<meta property=\"og:image:type\" content=\"image\/jpeg\" \/>\n<meta name=\"twitter:card\" content=\"summary_large_image\" \/>\n<meta name=\"twitter:label1\" content=\"Szacowany czas czytania\" \/>\n\t<meta name=\"twitter:data1\" content=\"1 minuta\" \/>\n<script type=\"application\/ld+json\" class=\"yoast-schema-graph\">{\"@context\":\"https:\/\/schema.org\",\"@graph\":[{\"@type\":\"WebPage\",\"@id\":\"https:\/\/coilovers.pl\/index.php\/produkt\/bc-racing-zf-01-v1-vm-daihatsu-coo-06-12r\/\",\"url\":\"https:\/\/coilovers.pl\/index.php\/produkt\/bc-racing-zf-01-v1-vm-daihatsu-coo-06-12r\/\",\"name\":\"BC Racing Zf-01 V1-VM Daihatsu COO 06-12r - CoiloversPL\",\"isPartOf\":{\"@id\":\"https:\/\/coilovers.pl\/#website\"},\"primaryImageOfPage\":{\"@id\":\"https:\/\/coilovers.pl\/index.php\/produkt\/bc-racing-zf-01-v1-vm-daihatsu-coo-06-12r\/#primaryimage\"},\"image\":{\"@id\":\"https:\/\/coilovers.pl\/index.php\/produkt\/bc-racing-zf-01-v1-vm-daihatsu-coo-06-12r\/#primaryimage\"},\"thumbnailUrl\":\"https:\/\/coilovers.pl\/wp-content\/uploads\/2023\/06\/BC-V1.jpg\",\"datePublished\":\"2023-07-11T13:44:11+00:00\",\"breadcrumb\":{\"@id\":\"https:\/\/coilovers.pl\/index.php\/produkt\/bc-racing-zf-01-v1-vm-daihatsu-coo-06-12r\/#breadcrumb\"},\"inLanguage\":\"pl-PL\",\"potentialAction\":[{\"@type\":\"ReadAction\",\"target\":[\"https:\/\/coilovers.pl\/index.php\/produkt\/bc-racing-zf-01-v1-vm-daihatsu-coo-06-12r\/\"]}]},{\"@type\":\"ImageObject\",\"inLanguage\":\"pl-PL\",\"@id\":\"https:\/\/coilovers.pl\/index.php\/produkt\/bc-racing-zf-01-v1-vm-daihatsu-coo-06-12r\/#primaryimage\",\"url\":\"https:\/\/coilovers.pl\/wp-content\/uploads\/2023\/06\/BC-V1.jpg\",\"contentUrl\":\"https:\/\/coilovers.pl\/wp-content\/uploads\/2023\/06\/BC-V1.jpg\",\"width\":1200,\"height\":850},{\"@type\":\"BreadcrumbList\",\"@id\":\"https:\/\/coilovers.pl\/index.php\/produkt\/bc-racing-zf-01-v1-vm-daihatsu-coo-06-12r\/#breadcrumb\",\"itemListElement\":[{\"@type\":\"ListItem\",\"position\":1,\"name\":\"Strona g\u0142\u00f3wna\",\"item\":\"https:\/\/coilovers.pl\/\"},{\"@type\":\"ListItem\",\"position\":2,\"name\":\"Sklep\",\"item\":\"https:\/\/coilovers.pl\/index.php\/sklep\/\"},{\"@type\":\"ListItem\",\"position\":3,\"name\":\"BC Racing Zf-01 V1-VM Daihatsu COO 06-12r\"}]},{\"@type\":\"WebSite\",\"@id\":\"https:\/\/coilovers.pl\/#website\",\"url\":\"https:\/\/coilovers.pl\/\",\"name\":\"CoiloversPL\",\"description\":\"Zawieszenia Felgi Samochody\",\"publisher\":{\"@id\":\"https:\/\/coilovers.pl\/#organization\"},\"potentialAction\":[{\"@type\":\"SearchAction\",\"target\":{\"@type\":\"EntryPoint\",\"urlTemplate\":\"https:\/\/coilovers.pl\/?s={search_term_string}\"},\"query-input\":{\"@type\":\"PropertyValueSpecification\",\"valueRequired\":true,\"valueName\":\"search_term_string\"}}],\"inLanguage\":\"pl-PL\"},{\"@type\":\"Organization\",\"@id\":\"https:\/\/coilovers.pl\/#organization\",\"name\":\"CoiloversPL\",\"url\":\"https:\/\/coilovers.pl\/\",\"logo\":{\"@type\":\"ImageObject\",\"inLanguage\":\"pl-PL\",\"@id\":\"https:\/\/coilovers.pl\/#\/schema\/logo\/image\/\",\"url\":\"https:\/\/coilovers.pl\/wp-content\/uploads\/2021\/02\/cropped-logo.png\",\"contentUrl\":\"https:\/\/coilovers.pl\/wp-content\/uploads\/2021\/02\/cropped-logo.png\",\"width\":3039,\"height\":864,\"caption\":\"CoiloversPL\"},\"image\":{\"@id\":\"https:\/\/coilovers.pl\/#\/schema\/logo\/image\/\"},\"sameAs\":[\"https:\/\/www.facebook.com\/coiloverspl\",\"https:\/\/www.instagram.com\/coilovers_pl\/\"]}]}<\/script>\n<!-- \/ Yoast SEO plugin. -->","yoast_head_json":{"title":"BC Racing Zf-01 V1-VM Daihatsu COO 06-12r - CoiloversPL","robots":{"index":"index","follow":"follow","max-snippet":"max-snippet:-1","max-image-preview":"max-image-preview:large","max-video-preview":"max-video-preview:-1"},"canonical":"https:\/\/coilovers.pl\/index.php\/produkt\/bc-racing-zf-01-v1-vm-daihatsu-coo-06-12r\/","og_locale":"pl_PL","og_type":"article","og_title":"BC Racing Zf-01 V1-VM Daihatsu COO 06-12r - CoiloversPL","og_description":"Marka\/Model: Daihatsu COO Roczniki: 06-12 Na ulic\u0119 i tor Og\u00f3lne cechy zawiesze\u0144 BC ( zale\u017cne od modelu auta) : dla wybranych wariant\u00f3w g\u00f3rne mocowania metalowe wraz z \u0142o\u017cyskami dla wybranych wariant\u00f3w mo\u017cliwo\u015b\u0107 ustawienia k\u0105t\u00f3w pochylenia \u2013 cambery mocowania wykonane z wysokiej jako\u015bci aluminium 30-sto stopniowa regulacja twardo\u015bci regulacja wysoko\u015bci \/ napi\u0119cia spr\u0119\u017cyn regulacja wysoko\u015bci dolnego &hellip; BC Racing Zf-01 V1-VM Daihatsu COO 06-12r Read More &raquo;","og_url":"https:\/\/coilovers.pl\/index.php\/produkt\/bc-racing-zf-01-v1-vm-daihatsu-coo-06-12r\/","og_site_name":"CoiloversPL","article_publisher":"https:\/\/www.facebook.com\/coiloverspl","og_image":[{"width":1200,"height":850,"url":"https:\/\/coilovers.pl\/wp-content\/uploads\/2023\/06\/BC-V1.jpg","type":"image\/jpeg"}],"twitter_card":"summary_large_image","twitter_misc":{"Szacowany czas czytania":"1 minuta"},"schema":{"@context":"https:\/\/schema.org","@graph":[{"@type":"WebPage","@id":"https:\/\/coilovers.pl\/index.php\/produkt\/bc-racing-zf-01-v1-vm-daihatsu-coo-06-12r\/","url":"https:\/\/coilovers.pl\/index.php\/produkt\/bc-racing-zf-01-v1-vm-daihatsu-coo-06-12r\/","name":"BC Racing Zf-01 V1-VM Daihatsu COO 06-12r - CoiloversPL","isPartOf":{"@id":"https:\/\/coilovers.pl\/#website"},"primaryImageOfPage":{"@id":"https:\/\/coilovers.pl\/index.php\/produkt\/bc-racing-zf-01-v1-vm-daihatsu-coo-06-12r\/#primaryimage"},"image":{"@id":"https:\/\/coilovers.pl\/index.php\/produkt\/bc-racing-zf-01-v1-vm-daihatsu-coo-06-12r\/#primaryimage"},"thumbnailUrl":"https:\/\/coilovers.pl\/wp-content\/uploads\/2023\/06\/BC-V1.jpg","datePublished":"2023-07-11T13:44:11+00:00","breadcrumb":{"@id":"https:\/\/coilovers.pl\/index.php\/produkt\/bc-racing-zf-01-v1-vm-daihatsu-coo-06-12r\/#breadcrumb"},"inLanguage":"pl-PL","potentialAction":[{"@type":"ReadAction","target":["https:\/\/coilovers.pl\/index.php\/produkt\/bc-racing-zf-01-v1-vm-daihatsu-coo-06-12r\/"]}]},{"@type":"ImageObject","inLanguage":"pl-PL","@id":"https:\/\/coilovers.pl\/index.php\/produkt\/bc-racing-zf-01-v1-vm-daihatsu-coo-06-12r\/#primaryimage","url":"https:\/\/coilovers.pl\/wp-content\/uploads\/2023\/06\/BC-V1.jpg","contentUrl":"https:\/\/coilovers.pl\/wp-content\/uploads\/2023\/06\/BC-V1.jpg","width":1200,"height":850},{"@type":"BreadcrumbList","@id":"https:\/\/coilovers.pl\/index.php\/produkt\/bc-racing-zf-01-v1-vm-daihatsu-coo-06-12r\/#breadcrumb","itemListElement":[{"@type":"ListItem","position":1,"name":"Strona g\u0142\u00f3wna","item":"https:\/\/coilovers.pl\/"},{"@type":"ListItem","position":2,"name":"Sklep","item":"https:\/\/coilovers.pl\/index.php\/sklep\/"},{"@type":"ListItem","position":3,"name":"BC Racing Zf-01 V1-VM Daihatsu COO 06-12r"}]},{"@type":"WebSite","@id":"https:\/\/coilovers.pl\/#website","url":"https:\/\/coilovers.pl\/","name":"CoiloversPL","description":"Zawieszenia Felgi Samochody","publisher":{"@id":"https:\/\/coilovers.pl\/#organization"},"potentialAction":[{"@type":"SearchAction","target":{"@type":"EntryPoint","urlTemplate":"https:\/\/coilovers.pl\/?s={search_term_string}"},"query-input":{"@type":"PropertyValueSpecification","valueRequired":true,"valueName":"search_term_string"}}],"inLanguage":"pl-PL"},{"@type":"Organization","@id":"https:\/\/coilovers.pl\/#organization","name":"CoiloversPL","url":"https:\/\/coilovers.pl\/","logo":{"@type":"ImageObject","inLanguage":"pl-PL","@id":"https:\/\/coilovers.pl\/#\/schema\/logo\/image\/","url":"https:\/\/coilovers.pl\/wp-content\/uploads\/2021\/02\/cropped-logo.png","contentUrl":"https:\/\/coilovers.pl\/wp-content\/uploads\/2021\/02\/cropped-logo.png","width":3039,"height":864,"caption":"CoiloversPL"},"image":{"@id":"https:\/\/coilovers.pl\/#\/schema\/logo\/image\/"},"sameAs":["https:\/\/www.facebook.com\/coiloverspl","https:\/\/www.instagram.com\/coilovers_pl\/"]}]}},"_links":{"self":[{"href":"https:\/\/coilovers.pl\/index.php\/wp-json\/wp\/v2\/product\/4710","targetHints":{"allow":["GET"]}}],"collection":[{"href":"https:\/\/coilovers.pl\/index.php\/wp-json\/wp\/v2\/product"}],"about":[{"href":"https:\/\/coilovers.pl\/index.php\/wp-json\/wp\/v2\/types\/product"}],"wp:featuredmedia":[{"embeddable":true,"href":"https:\/\/coilovers.pl\/index.php\/wp-json\/wp\/v2\/media\/4424"}],"wp:attachment":[{"href":"https:\/\/coilovers.pl\/index.php\/wp-json\/wp\/v2\/media?parent=4710"}],"curies":[{"name":"wp","href":"https:\/\/api.w.org\/{rel}","templated":true}]}}