{"id":2728,"date":"2021-04-08T18:24:08","date_gmt":"2021-04-08T16:24:08","guid":{"rendered":"https:\/\/coilovers.pl\/?post_type=product&#038;p=2728"},"modified":"2023-06-26T14:07:59","modified_gmt":"2023-06-26T12:07:59","slug":"sprezyny-obnizajace-hr-audi-s6-sedan-6","status":"publish","type":"product","link":"https:\/\/coilovers.pl\/index.php\/produkt\/sprezyny-obnizajace-hr-audi-s6-sedan-6\/","title":{"rendered":"Spr\u0119\u017cyny obni\u017caj\u0105ce H&#038;R Audi S6 Sedan 29200-2"},"content":{"rendered":"<p>Numer katalogowy: 29200-2<br \/>\nMarka: Audi<br \/>\nModel: S6 Lim.\/Sedan (4F,C6)<br \/>\nRocznik: 07\/06&gt;<br \/>\nWariant: 4WD, Quattro, V10 5,2l<\/p>\n<p>Dane produktu<br \/>\nobni\u017cenie przodu 25 mm<br \/>\nobni\u017cenie ty\u0142u 15 mm<\/p>\n<p>Szczeg\u00f3\u0142y<br \/>\nSk\u0142adnik 1 VA 29200-2 VA<br \/>\nSk\u0142adnik 2 HA 29200 HA<br \/>\nCertyfikat ABE \/ T\u00dcV<\/p>\n","protected":false},"excerpt":{"rendered":"<p>Numer katalogowy: 29200-2 Marka: Audi Model: S6 Lim.\/Sedan (4F,C6) Rocznik: 07\/06&gt; Wariant: 4WD, Quattro, V10 5,2l Dane produktu obni\u017cenie przodu 25 mm obni\u017cenie ty\u0142u 15 mm Szczeg\u00f3\u0142y Sk\u0142adnik 1 VA 29200-2 VA Sk\u0142adnik 2 HA 29200 HA Certyfikat ABE \/ T\u00dcV<\/p>\n","protected":false},"featured_media":1763,"template":"","meta":[],"class_list":["post-2728","product","type-product","status-publish","has-post-thumbnail","hentry","pwb-brand-hr","product_cat-c6-s6"],"brands":[{"id":79,"name":"H&amp;R","slug":"hr"}],"yoast_head":"<!-- This site is optimized with the Yoast SEO plugin v24.7 - https:\/\/yoast.com\/wordpress\/plugins\/seo\/ -->\n<title>Spr\u0119\u017cyny obni\u017caj\u0105ce H&amp;R Audi S6 Sedan 29200-2 - CoiloversPL<\/title>\n<meta name=\"robots\" content=\"index, follow, max-snippet:-1, max-image-preview:large, max-video-preview:-1\" \/>\n<link rel=\"canonical\" href=\"https:\/\/coilovers.pl\/index.php\/produkt\/sprezyny-obnizajace-hr-audi-s6-sedan-6\/\" \/>\n<meta property=\"og:locale\" content=\"pl_PL\" \/>\n<meta property=\"og:type\" content=\"article\" \/>\n<meta property=\"og:title\" content=\"Spr\u0119\u017cyny obni\u017caj\u0105ce H&amp;R Audi S6 Sedan 29200-2 - CoiloversPL\" \/>\n<meta property=\"og:description\" content=\"Numer katalogowy: 29200-2 Marka: Audi Model: S6 Lim.\/Sedan (4F,C6) Rocznik: 07\/06&gt; Wariant: 4WD, Quattro, V10 5,2l Dane produktu obni\u017cenie przodu 25 mm obni\u017cenie ty\u0142u 15 mm Szczeg\u00f3\u0142y Sk\u0142adnik 1 VA 29200-2 VA Sk\u0142adnik 2 HA 29200 HA Certyfikat ABE \/ T\u00dcV\" \/>\n<meta property=\"og:url\" content=\"https:\/\/coilovers.pl\/index.php\/produkt\/sprezyny-obnizajace-hr-audi-s6-sedan-6\/\" \/>\n<meta property=\"og:site_name\" content=\"CoiloversPL\" \/>\n<meta property=\"article:publisher\" content=\"https:\/\/www.facebook.com\/coiloverspl\" \/>\n<meta property=\"article:modified_time\" content=\"2023-06-26T12:07:59+00:00\" \/>\n<meta property=\"og:image\" content=\"https:\/\/coilovers.pl\/wp-content\/uploads\/2021\/03\/HR-sprezyny-obnizajace-BMW-29484-1.jpg\" \/>\n\t<meta property=\"og:image:width\" content=\"800\" \/>\n\t<meta property=\"og:image:height\" content=\"533\" \/>\n\t<meta property=\"og:image:type\" content=\"image\/jpeg\" \/>\n<meta name=\"twitter:card\" content=\"summary_large_image\" \/>\n<script type=\"application\/ld+json\" class=\"yoast-schema-graph\">{\"@context\":\"https:\/\/schema.org\",\"@graph\":[{\"@type\":\"WebPage\",\"@id\":\"https:\/\/coilovers.pl\/index.php\/produkt\/sprezyny-obnizajace-hr-audi-s6-sedan-6\/\",\"url\":\"https:\/\/coilovers.pl\/index.php\/produkt\/sprezyny-obnizajace-hr-audi-s6-sedan-6\/\",\"name\":\"Spr\u0119\u017cyny obni\u017caj\u0105ce H&R Audi S6 Sedan 29200-2 - CoiloversPL\",\"isPartOf\":{\"@id\":\"https:\/\/coilovers.pl\/#website\"},\"primaryImageOfPage\":{\"@id\":\"https:\/\/coilovers.pl\/index.php\/produkt\/sprezyny-obnizajace-hr-audi-s6-sedan-6\/#primaryimage\"},\"image\":{\"@id\":\"https:\/\/coilovers.pl\/index.php\/produkt\/sprezyny-obnizajace-hr-audi-s6-sedan-6\/#primaryimage\"},\"thumbnailUrl\":\"https:\/\/coilovers.pl\/wp-content\/uploads\/2021\/03\/HR-sprezyny-obnizajace-BMW-29484-1.jpg\",\"datePublished\":\"2021-04-08T16:24:08+00:00\",\"dateModified\":\"2023-06-26T12:07:59+00:00\",\"breadcrumb\":{\"@id\":\"https:\/\/coilovers.pl\/index.php\/produkt\/sprezyny-obnizajace-hr-audi-s6-sedan-6\/#breadcrumb\"},\"inLanguage\":\"pl-PL\",\"potentialAction\":[{\"@type\":\"ReadAction\",\"target\":[\"https:\/\/coilovers.pl\/index.php\/produkt\/sprezyny-obnizajace-hr-audi-s6-sedan-6\/\"]}]},{\"@type\":\"ImageObject\",\"inLanguage\":\"pl-PL\",\"@id\":\"https:\/\/coilovers.pl\/index.php\/produkt\/sprezyny-obnizajace-hr-audi-s6-sedan-6\/#primaryimage\",\"url\":\"https:\/\/coilovers.pl\/wp-content\/uploads\/2021\/03\/HR-sprezyny-obnizajace-BMW-29484-1.jpg\",\"contentUrl\":\"https:\/\/coilovers.pl\/wp-content\/uploads\/2021\/03\/HR-sprezyny-obnizajace-BMW-29484-1.jpg\",\"width\":800,\"height\":533},{\"@type\":\"BreadcrumbList\",\"@id\":\"https:\/\/coilovers.pl\/index.php\/produkt\/sprezyny-obnizajace-hr-audi-s6-sedan-6\/#breadcrumb\",\"itemListElement\":[{\"@type\":\"ListItem\",\"position\":1,\"name\":\"Strona g\u0142\u00f3wna\",\"item\":\"https:\/\/coilovers.pl\/\"},{\"@type\":\"ListItem\",\"position\":2,\"name\":\"Sklep\",\"item\":\"https:\/\/coilovers.pl\/index.php\/sklep\/\"},{\"@type\":\"ListItem\",\"position\":3,\"name\":\"Spr\u0119\u017cyny obni\u017caj\u0105ce H&#038;R Audi S6 Sedan 29200-2\"}]},{\"@type\":\"WebSite\",\"@id\":\"https:\/\/coilovers.pl\/#website\",\"url\":\"https:\/\/coilovers.pl\/\",\"name\":\"CoiloversPL\",\"description\":\"Zawieszenia Felgi Samochody\",\"publisher\":{\"@id\":\"https:\/\/coilovers.pl\/#organization\"},\"potentialAction\":[{\"@type\":\"SearchAction\",\"target\":{\"@type\":\"EntryPoint\",\"urlTemplate\":\"https:\/\/coilovers.pl\/?s={search_term_string}\"},\"query-input\":{\"@type\":\"PropertyValueSpecification\",\"valueRequired\":true,\"valueName\":\"search_term_string\"}}],\"inLanguage\":\"pl-PL\"},{\"@type\":\"Organization\",\"@id\":\"https:\/\/coilovers.pl\/#organization\",\"name\":\"CoiloversPL\",\"url\":\"https:\/\/coilovers.pl\/\",\"logo\":{\"@type\":\"ImageObject\",\"inLanguage\":\"pl-PL\",\"@id\":\"https:\/\/coilovers.pl\/#\/schema\/logo\/image\/\",\"url\":\"https:\/\/coilovers.pl\/wp-content\/uploads\/2021\/02\/cropped-logo.png\",\"contentUrl\":\"https:\/\/coilovers.pl\/wp-content\/uploads\/2021\/02\/cropped-logo.png\",\"width\":3039,\"height\":864,\"caption\":\"CoiloversPL\"},\"image\":{\"@id\":\"https:\/\/coilovers.pl\/#\/schema\/logo\/image\/\"},\"sameAs\":[\"https:\/\/www.facebook.com\/coiloverspl\",\"https:\/\/www.instagram.com\/coilovers_pl\/\"]}]}<\/script>\n<!-- \/ Yoast SEO plugin. -->","yoast_head_json":{"title":"Spr\u0119\u017cyny obni\u017caj\u0105ce H&R Audi S6 Sedan 29200-2 - CoiloversPL","robots":{"index":"index","follow":"follow","max-snippet":"max-snippet:-1","max-image-preview":"max-image-preview:large","max-video-preview":"max-video-preview:-1"},"canonical":"https:\/\/coilovers.pl\/index.php\/produkt\/sprezyny-obnizajace-hr-audi-s6-sedan-6\/","og_locale":"pl_PL","og_type":"article","og_title":"Spr\u0119\u017cyny obni\u017caj\u0105ce H&R Audi S6 Sedan 29200-2 - CoiloversPL","og_description":"Numer katalogowy: 29200-2 Marka: Audi Model: S6 Lim.\/Sedan (4F,C6) Rocznik: 07\/06&gt; Wariant: 4WD, Quattro, V10 5,2l Dane produktu obni\u017cenie przodu 25 mm obni\u017cenie ty\u0142u 15 mm Szczeg\u00f3\u0142y Sk\u0142adnik 1 VA 29200-2 VA Sk\u0142adnik 2 HA 29200 HA Certyfikat ABE \/ T\u00dcV","og_url":"https:\/\/coilovers.pl\/index.php\/produkt\/sprezyny-obnizajace-hr-audi-s6-sedan-6\/","og_site_name":"CoiloversPL","article_publisher":"https:\/\/www.facebook.com\/coiloverspl","article_modified_time":"2023-06-26T12:07:59+00:00","og_image":[{"width":800,"height":533,"url":"https:\/\/coilovers.pl\/wp-content\/uploads\/2021\/03\/HR-sprezyny-obnizajace-BMW-29484-1.jpg","type":"image\/jpeg"}],"twitter_card":"summary_large_image","schema":{"@context":"https:\/\/schema.org","@graph":[{"@type":"WebPage","@id":"https:\/\/coilovers.pl\/index.php\/produkt\/sprezyny-obnizajace-hr-audi-s6-sedan-6\/","url":"https:\/\/coilovers.pl\/index.php\/produkt\/sprezyny-obnizajace-hr-audi-s6-sedan-6\/","name":"Spr\u0119\u017cyny obni\u017caj\u0105ce H&R Audi S6 Sedan 29200-2 - CoiloversPL","isPartOf":{"@id":"https:\/\/coilovers.pl\/#website"},"primaryImageOfPage":{"@id":"https:\/\/coilovers.pl\/index.php\/produkt\/sprezyny-obnizajace-hr-audi-s6-sedan-6\/#primaryimage"},"image":{"@id":"https:\/\/coilovers.pl\/index.php\/produkt\/sprezyny-obnizajace-hr-audi-s6-sedan-6\/#primaryimage"},"thumbnailUrl":"https:\/\/coilovers.pl\/wp-content\/uploads\/2021\/03\/HR-sprezyny-obnizajace-BMW-29484-1.jpg","datePublished":"2021-04-08T16:24:08+00:00","dateModified":"2023-06-26T12:07:59+00:00","breadcrumb":{"@id":"https:\/\/coilovers.pl\/index.php\/produkt\/sprezyny-obnizajace-hr-audi-s6-sedan-6\/#breadcrumb"},"inLanguage":"pl-PL","potentialAction":[{"@type":"ReadAction","target":["https:\/\/coilovers.pl\/index.php\/produkt\/sprezyny-obnizajace-hr-audi-s6-sedan-6\/"]}]},{"@type":"ImageObject","inLanguage":"pl-PL","@id":"https:\/\/coilovers.pl\/index.php\/produkt\/sprezyny-obnizajace-hr-audi-s6-sedan-6\/#primaryimage","url":"https:\/\/coilovers.pl\/wp-content\/uploads\/2021\/03\/HR-sprezyny-obnizajace-BMW-29484-1.jpg","contentUrl":"https:\/\/coilovers.pl\/wp-content\/uploads\/2021\/03\/HR-sprezyny-obnizajace-BMW-29484-1.jpg","width":800,"height":533},{"@type":"BreadcrumbList","@id":"https:\/\/coilovers.pl\/index.php\/produkt\/sprezyny-obnizajace-hr-audi-s6-sedan-6\/#breadcrumb","itemListElement":[{"@type":"ListItem","position":1,"name":"Strona g\u0142\u00f3wna","item":"https:\/\/coilovers.pl\/"},{"@type":"ListItem","position":2,"name":"Sklep","item":"https:\/\/coilovers.pl\/index.php\/sklep\/"},{"@type":"ListItem","position":3,"name":"Spr\u0119\u017cyny obni\u017caj\u0105ce H&#038;R Audi S6 Sedan 29200-2"}]},{"@type":"WebSite","@id":"https:\/\/coilovers.pl\/#website","url":"https:\/\/coilovers.pl\/","name":"CoiloversPL","description":"Zawieszenia Felgi Samochody","publisher":{"@id":"https:\/\/coilovers.pl\/#organization"},"potentialAction":[{"@type":"SearchAction","target":{"@type":"EntryPoint","urlTemplate":"https:\/\/coilovers.pl\/?s={search_term_string}"},"query-input":{"@type":"PropertyValueSpecification","valueRequired":true,"valueName":"search_term_string"}}],"inLanguage":"pl-PL"},{"@type":"Organization","@id":"https:\/\/coilovers.pl\/#organization","name":"CoiloversPL","url":"https:\/\/coilovers.pl\/","logo":{"@type":"ImageObject","inLanguage":"pl-PL","@id":"https:\/\/coilovers.pl\/#\/schema\/logo\/image\/","url":"https:\/\/coilovers.pl\/wp-content\/uploads\/2021\/02\/cropped-logo.png","contentUrl":"https:\/\/coilovers.pl\/wp-content\/uploads\/2021\/02\/cropped-logo.png","width":3039,"height":864,"caption":"CoiloversPL"},"image":{"@id":"https:\/\/coilovers.pl\/#\/schema\/logo\/image\/"},"sameAs":["https:\/\/www.facebook.com\/coiloverspl","https:\/\/www.instagram.com\/coilovers_pl\/"]}]}},"_links":{"self":[{"href":"https:\/\/coilovers.pl\/index.php\/wp-json\/wp\/v2\/product\/2728","targetHints":{"allow":["GET"]}}],"collection":[{"href":"https:\/\/coilovers.pl\/index.php\/wp-json\/wp\/v2\/product"}],"about":[{"href":"https:\/\/coilovers.pl\/index.php\/wp-json\/wp\/v2\/types\/product"}],"wp:featuredmedia":[{"embeddable":true,"href":"https:\/\/coilovers.pl\/index.php\/wp-json\/wp\/v2\/media\/1763"}],"wp:attachment":[{"href":"https:\/\/coilovers.pl\/index.php\/wp-json\/wp\/v2\/media?parent=2728"}],"curies":[{"name":"wp","href":"https:\/\/api.w.org\/{rel}","templated":true}]}}