{"id":1280,"date":"2021-03-09T17:26:30","date_gmt":"2021-03-09T16:26:30","guid":{"rendered":"https:\/\/coilovers.pl\/?post_type=product&#038;p=1280"},"modified":"2021-03-09T17:26:30","modified_gmt":"2021-03-09T16:26:30","slug":"zawieszenie-obnizajace-mts-technik-mtskplal007","status":"publish","type":"product","link":"https:\/\/coilovers.pl\/index.php\/produkt\/zawieszenie-obnizajace-mts-technik-mtskplal007\/","title":{"rendered":"Zawieszenie obni\u017caj\u0105ce MTS Technik MTSKPLAL007"},"content":{"rendered":"<p>producent: MTS Technik<br \/>\nmarka: Alfa Romeo<br \/>\nmodel: GT<br \/>\nsilnik: 3.2 V6<br \/>\nrocznik: 01\/2004 &#8211;<br \/>\nnacisk va: &#8211;<br \/>\nnacisk ha: &#8211;<br \/>\nobni\u017cenie va: 45 mm<br \/>\nobni\u017cenie ha: 35 mm<br \/>\nopis: Zawieszenie sportowe Alfa Romeo GT<br \/>\nuwagi: 11 &#8211; Warto\u015b\u0107 obni\u017cenia podawanego w niniejszym katalogu zmniejsza si\u0119 w przypadku pojazd\u00f3w z seryjnym zawieszeniem sportowym o warto\u015b\u0107 seryjnego obni\u017cenia., 15 &#8211; Nie przeznaczone dla pojazd\u00f3w z NIVO.<br \/>\ngrupa: Zawieszenia sportowe<\/p>\n","protected":false},"excerpt":{"rendered":"<p>producent: MTS Technik marka: Alfa Romeo model: GT silnik: 3.2 V6 rocznik: 01\/2004 &#8211; nacisk va: &#8211; nacisk ha: &#8211; obni\u017cenie va: 45 mm obni\u017cenie ha: 35 mm opis: Zawieszenie sportowe Alfa Romeo GT uwagi: 11 &#8211; Warto\u015b\u0107 obni\u017cenia podawanego w niniejszym katalogu zmniejsza si\u0119 w przypadku pojazd\u00f3w z seryjnym zawieszeniem sportowym o warto\u015b\u0107 seryjnego &hellip;<\/p>\n<p class=\"read-more\"> <a class=\"\" href=\"https:\/\/coilovers.pl\/index.php\/produkt\/zawieszenie-obnizajace-mts-technik-mtskplal007\/\"> <span class=\"screen-reader-text\">Zawieszenie obni\u017caj\u0105ce MTS Technik MTSKPLAL007<\/span> Read More &raquo;<\/a><\/p>\n","protected":false},"featured_media":1208,"template":"","meta":[],"class_list":["post-1280","product","type-product","status-publish","has-post-thumbnail","hentry","pwb-brand-mts","product_cat-gt"],"brands":[{"id":83,"name":"MTS","slug":"mts"}],"yoast_head":"<!-- This site is optimized with the Yoast SEO plugin v24.7 - https:\/\/yoast.com\/wordpress\/plugins\/seo\/ -->\n<title>Zawieszenie obni\u017caj\u0105ce MTS Technik MTSKPLAL007 - CoiloversPL<\/title>\n<meta name=\"robots\" content=\"index, follow, max-snippet:-1, max-image-preview:large, max-video-preview:-1\" \/>\n<link rel=\"canonical\" href=\"https:\/\/coilovers.pl\/index.php\/produkt\/zawieszenie-obnizajace-mts-technik-mtskplal007\/\" \/>\n<meta property=\"og:locale\" content=\"pl_PL\" \/>\n<meta property=\"og:type\" content=\"article\" \/>\n<meta property=\"og:title\" content=\"Zawieszenie obni\u017caj\u0105ce MTS Technik MTSKPLAL007 - CoiloversPL\" \/>\n<meta property=\"og:description\" content=\"producent: MTS Technik marka: Alfa Romeo model: GT silnik: 3.2 V6 rocznik: 01\/2004 &#8211; nacisk va: &#8211; nacisk ha: &#8211; obni\u017cenie va: 45 mm obni\u017cenie ha: 35 mm opis: Zawieszenie sportowe Alfa Romeo GT uwagi: 11 &#8211; Warto\u015b\u0107 obni\u017cenia podawanego w niniejszym katalogu zmniejsza si\u0119 w przypadku pojazd\u00f3w z seryjnym zawieszeniem sportowym o warto\u015b\u0107 seryjnego &hellip; Zawieszenie obni\u017caj\u0105ce MTS Technik MTSKPLAL007 Read More &raquo;\" \/>\n<meta property=\"og:url\" content=\"https:\/\/coilovers.pl\/index.php\/produkt\/zawieszenie-obnizajace-mts-technik-mtskplal007\/\" \/>\n<meta property=\"og:site_name\" content=\"CoiloversPL\" \/>\n<meta property=\"article:publisher\" content=\"https:\/\/www.facebook.com\/coiloverspl\" \/>\n<meta property=\"og:image\" content=\"https:\/\/coilovers.pl\/wp-content\/uploads\/2021\/03\/MTSKPLAL001.jpg\" \/>\n\t<meta property=\"og:image:width\" content=\"1280\" \/>\n\t<meta property=\"og:image:height\" content=\"850\" \/>\n\t<meta property=\"og:image:type\" content=\"image\/jpeg\" \/>\n<meta name=\"twitter:card\" content=\"summary_large_image\" \/>\n<script type=\"application\/ld+json\" class=\"yoast-schema-graph\">{\"@context\":\"https:\/\/schema.org\",\"@graph\":[{\"@type\":\"WebPage\",\"@id\":\"https:\/\/coilovers.pl\/index.php\/produkt\/zawieszenie-obnizajace-mts-technik-mtskplal007\/\",\"url\":\"https:\/\/coilovers.pl\/index.php\/produkt\/zawieszenie-obnizajace-mts-technik-mtskplal007\/\",\"name\":\"Zawieszenie obni\u017caj\u0105ce MTS Technik MTSKPLAL007 - CoiloversPL\",\"isPartOf\":{\"@id\":\"https:\/\/coilovers.pl\/#website\"},\"primaryImageOfPage\":{\"@id\":\"https:\/\/coilovers.pl\/index.php\/produkt\/zawieszenie-obnizajace-mts-technik-mtskplal007\/#primaryimage\"},\"image\":{\"@id\":\"https:\/\/coilovers.pl\/index.php\/produkt\/zawieszenie-obnizajace-mts-technik-mtskplal007\/#primaryimage\"},\"thumbnailUrl\":\"https:\/\/coilovers.pl\/wp-content\/uploads\/2021\/03\/MTSKPLAL001.jpg\",\"datePublished\":\"2021-03-09T16:26:30+00:00\",\"breadcrumb\":{\"@id\":\"https:\/\/coilovers.pl\/index.php\/produkt\/zawieszenie-obnizajace-mts-technik-mtskplal007\/#breadcrumb\"},\"inLanguage\":\"pl-PL\",\"potentialAction\":[{\"@type\":\"ReadAction\",\"target\":[\"https:\/\/coilovers.pl\/index.php\/produkt\/zawieszenie-obnizajace-mts-technik-mtskplal007\/\"]}]},{\"@type\":\"ImageObject\",\"inLanguage\":\"pl-PL\",\"@id\":\"https:\/\/coilovers.pl\/index.php\/produkt\/zawieszenie-obnizajace-mts-technik-mtskplal007\/#primaryimage\",\"url\":\"https:\/\/coilovers.pl\/wp-content\/uploads\/2021\/03\/MTSKPLAL001.jpg\",\"contentUrl\":\"https:\/\/coilovers.pl\/wp-content\/uploads\/2021\/03\/MTSKPLAL001.jpg\",\"width\":1280,\"height\":850},{\"@type\":\"BreadcrumbList\",\"@id\":\"https:\/\/coilovers.pl\/index.php\/produkt\/zawieszenie-obnizajace-mts-technik-mtskplal007\/#breadcrumb\",\"itemListElement\":[{\"@type\":\"ListItem\",\"position\":1,\"name\":\"Strona g\u0142\u00f3wna\",\"item\":\"https:\/\/coilovers.pl\/\"},{\"@type\":\"ListItem\",\"position\":2,\"name\":\"Sklep\",\"item\":\"https:\/\/coilovers.pl\/index.php\/sklep\/\"},{\"@type\":\"ListItem\",\"position\":3,\"name\":\"Zawieszenie obni\u017caj\u0105ce MTS Technik MTSKPLAL007\"}]},{\"@type\":\"WebSite\",\"@id\":\"https:\/\/coilovers.pl\/#website\",\"url\":\"https:\/\/coilovers.pl\/\",\"name\":\"CoiloversPL\",\"description\":\"Zawieszenia Felgi Samochody\",\"publisher\":{\"@id\":\"https:\/\/coilovers.pl\/#organization\"},\"potentialAction\":[{\"@type\":\"SearchAction\",\"target\":{\"@type\":\"EntryPoint\",\"urlTemplate\":\"https:\/\/coilovers.pl\/?s={search_term_string}\"},\"query-input\":{\"@type\":\"PropertyValueSpecification\",\"valueRequired\":true,\"valueName\":\"search_term_string\"}}],\"inLanguage\":\"pl-PL\"},{\"@type\":\"Organization\",\"@id\":\"https:\/\/coilovers.pl\/#organization\",\"name\":\"CoiloversPL\",\"url\":\"https:\/\/coilovers.pl\/\",\"logo\":{\"@type\":\"ImageObject\",\"inLanguage\":\"pl-PL\",\"@id\":\"https:\/\/coilovers.pl\/#\/schema\/logo\/image\/\",\"url\":\"https:\/\/coilovers.pl\/wp-content\/uploads\/2021\/02\/cropped-logo.png\",\"contentUrl\":\"https:\/\/coilovers.pl\/wp-content\/uploads\/2021\/02\/cropped-logo.png\",\"width\":3039,\"height\":864,\"caption\":\"CoiloversPL\"},\"image\":{\"@id\":\"https:\/\/coilovers.pl\/#\/schema\/logo\/image\/\"},\"sameAs\":[\"https:\/\/www.facebook.com\/coiloverspl\",\"https:\/\/www.instagram.com\/coilovers_pl\/\"]}]}<\/script>\n<!-- \/ Yoast SEO plugin. -->","yoast_head_json":{"title":"Zawieszenie obni\u017caj\u0105ce MTS Technik MTSKPLAL007 - CoiloversPL","robots":{"index":"index","follow":"follow","max-snippet":"max-snippet:-1","max-image-preview":"max-image-preview:large","max-video-preview":"max-video-preview:-1"},"canonical":"https:\/\/coilovers.pl\/index.php\/produkt\/zawieszenie-obnizajace-mts-technik-mtskplal007\/","og_locale":"pl_PL","og_type":"article","og_title":"Zawieszenie obni\u017caj\u0105ce MTS Technik MTSKPLAL007 - CoiloversPL","og_description":"producent: MTS Technik marka: Alfa Romeo model: GT silnik: 3.2 V6 rocznik: 01\/2004 &#8211; nacisk va: &#8211; nacisk ha: &#8211; obni\u017cenie va: 45 mm obni\u017cenie ha: 35 mm opis: Zawieszenie sportowe Alfa Romeo GT uwagi: 11 &#8211; Warto\u015b\u0107 obni\u017cenia podawanego w niniejszym katalogu zmniejsza si\u0119 w przypadku pojazd\u00f3w z seryjnym zawieszeniem sportowym o warto\u015b\u0107 seryjnego &hellip; Zawieszenie obni\u017caj\u0105ce MTS Technik MTSKPLAL007 Read More &raquo;","og_url":"https:\/\/coilovers.pl\/index.php\/produkt\/zawieszenie-obnizajace-mts-technik-mtskplal007\/","og_site_name":"CoiloversPL","article_publisher":"https:\/\/www.facebook.com\/coiloverspl","og_image":[{"width":1280,"height":850,"url":"https:\/\/coilovers.pl\/wp-content\/uploads\/2021\/03\/MTSKPLAL001.jpg","type":"image\/jpeg"}],"twitter_card":"summary_large_image","schema":{"@context":"https:\/\/schema.org","@graph":[{"@type":"WebPage","@id":"https:\/\/coilovers.pl\/index.php\/produkt\/zawieszenie-obnizajace-mts-technik-mtskplal007\/","url":"https:\/\/coilovers.pl\/index.php\/produkt\/zawieszenie-obnizajace-mts-technik-mtskplal007\/","name":"Zawieszenie obni\u017caj\u0105ce MTS Technik MTSKPLAL007 - CoiloversPL","isPartOf":{"@id":"https:\/\/coilovers.pl\/#website"},"primaryImageOfPage":{"@id":"https:\/\/coilovers.pl\/index.php\/produkt\/zawieszenie-obnizajace-mts-technik-mtskplal007\/#primaryimage"},"image":{"@id":"https:\/\/coilovers.pl\/index.php\/produkt\/zawieszenie-obnizajace-mts-technik-mtskplal007\/#primaryimage"},"thumbnailUrl":"https:\/\/coilovers.pl\/wp-content\/uploads\/2021\/03\/MTSKPLAL001.jpg","datePublished":"2021-03-09T16:26:30+00:00","breadcrumb":{"@id":"https:\/\/coilovers.pl\/index.php\/produkt\/zawieszenie-obnizajace-mts-technik-mtskplal007\/#breadcrumb"},"inLanguage":"pl-PL","potentialAction":[{"@type":"ReadAction","target":["https:\/\/coilovers.pl\/index.php\/produkt\/zawieszenie-obnizajace-mts-technik-mtskplal007\/"]}]},{"@type":"ImageObject","inLanguage":"pl-PL","@id":"https:\/\/coilovers.pl\/index.php\/produkt\/zawieszenie-obnizajace-mts-technik-mtskplal007\/#primaryimage","url":"https:\/\/coilovers.pl\/wp-content\/uploads\/2021\/03\/MTSKPLAL001.jpg","contentUrl":"https:\/\/coilovers.pl\/wp-content\/uploads\/2021\/03\/MTSKPLAL001.jpg","width":1280,"height":850},{"@type":"BreadcrumbList","@id":"https:\/\/coilovers.pl\/index.php\/produkt\/zawieszenie-obnizajace-mts-technik-mtskplal007\/#breadcrumb","itemListElement":[{"@type":"ListItem","position":1,"name":"Strona g\u0142\u00f3wna","item":"https:\/\/coilovers.pl\/"},{"@type":"ListItem","position":2,"name":"Sklep","item":"https:\/\/coilovers.pl\/index.php\/sklep\/"},{"@type":"ListItem","position":3,"name":"Zawieszenie obni\u017caj\u0105ce MTS Technik MTSKPLAL007"}]},{"@type":"WebSite","@id":"https:\/\/coilovers.pl\/#website","url":"https:\/\/coilovers.pl\/","name":"CoiloversPL","description":"Zawieszenia Felgi Samochody","publisher":{"@id":"https:\/\/coilovers.pl\/#organization"},"potentialAction":[{"@type":"SearchAction","target":{"@type":"EntryPoint","urlTemplate":"https:\/\/coilovers.pl\/?s={search_term_string}"},"query-input":{"@type":"PropertyValueSpecification","valueRequired":true,"valueName":"search_term_string"}}],"inLanguage":"pl-PL"},{"@type":"Organization","@id":"https:\/\/coilovers.pl\/#organization","name":"CoiloversPL","url":"https:\/\/coilovers.pl\/","logo":{"@type":"ImageObject","inLanguage":"pl-PL","@id":"https:\/\/coilovers.pl\/#\/schema\/logo\/image\/","url":"https:\/\/coilovers.pl\/wp-content\/uploads\/2021\/02\/cropped-logo.png","contentUrl":"https:\/\/coilovers.pl\/wp-content\/uploads\/2021\/02\/cropped-logo.png","width":3039,"height":864,"caption":"CoiloversPL"},"image":{"@id":"https:\/\/coilovers.pl\/#\/schema\/logo\/image\/"},"sameAs":["https:\/\/www.facebook.com\/coiloverspl","https:\/\/www.instagram.com\/coilovers_pl\/"]}]}},"_links":{"self":[{"href":"https:\/\/coilovers.pl\/index.php\/wp-json\/wp\/v2\/product\/1280","targetHints":{"allow":["GET"]}}],"collection":[{"href":"https:\/\/coilovers.pl\/index.php\/wp-json\/wp\/v2\/product"}],"about":[{"href":"https:\/\/coilovers.pl\/index.php\/wp-json\/wp\/v2\/types\/product"}],"wp:featuredmedia":[{"embeddable":true,"href":"https:\/\/coilovers.pl\/index.php\/wp-json\/wp\/v2\/media\/1208"}],"wp:attachment":[{"href":"https:\/\/coilovers.pl\/index.php\/wp-json\/wp\/v2\/media?parent=1280"}],"curies":[{"name":"wp","href":"https:\/\/api.w.org\/{rel}","templated":true}]}}