{"id":1182,"date":"2021-03-09T12:06:17","date_gmt":"2021-03-09T11:06:17","guid":{"rendered":"https:\/\/coilovers.pl\/?post_type=product&#038;p=1182"},"modified":"2023-09-28T10:37:39","modified_gmt":"2023-09-28T08:37:39","slug":"zawieszenie-gwintowane-mts-technik-mtsgwfi07","status":"publish","type":"product","link":"https:\/\/coilovers.pl\/index.php\/produkt\/zawieszenie-gwintowane-mts-technik-mtsgwfi07\/","title":{"rendered":"Zawieszenie gwintowane MTS Technik MTSGWFI07"},"content":{"rendered":"<p>producent:\u00a0MTS Technik<br \/>\nmarka:\u00a0Abarth<br \/>\nmodel:\u00a0500<br \/>\nsilnik:\u00a01.4<br \/>\nrocznik: 01\/2008 &#8211;<br \/>\nnacisk va:\u00a0830 kg<br \/>\nnacisk ha:\u00a0735 kg<br \/>\nobni\u017cenie va:\u00a010 &#8211; 50 mm<br \/>\nobni\u017cenie ha:\u00a030 &#8211; 65 mm<br \/>\ncertyfikat:\u00a0w przygotowaniu<br \/>\nopis:\u00a0Zawieszenie gwintowane Street Abarth 500<br \/>\nuwagi:\u00a01 &#8211; Je\u015bli wysoko\u015b\u0107 dolnego, regulowanego talerzyka znajduje si\u0119 poza zakresem okre\u015blonym przez producenta, gwarancja wygasa \u2013 technicznie mo\u017cliwe jest jednak obni\u017cenie wi\u0119ksze ni\u017c warto\u015b\u0107 katalogowa., 3 &#8211; Przednia i tylna o\u015b z regulacj\u0105 wysoko\u015bci (nagwintowane kolumny amortyzator\u00f3w przednich, na osi tylnej regulacja wysoko\u015bci na spr\u0119\u017cynach + amortyzatory)., 21 &#8211; W przypadku seryjnego zawieszenia sportowego warto\u015b\u0107 obni\u017cenia podawana w niniejszym katalogu zmniejsza si\u0119 o warto\u015b\u0107 seryjnego obni\u017cenia., 24 &#8211; Podczas monta\u017cu zawieszenia nale\u017cy skontrolowa\u0107 odleg\u0142o\u015b\u0107 felgi\/opony od kolumny amortyzatora. Minimalny dozwolony odst\u0119p to 5mm (0,2 inch). W innym przypadku, zastosowa\u0107 certyfikowane dystanse.<\/p>\n","protected":false},"excerpt":{"rendered":"<p>producent:\u00a0MTS Technik marka:\u00a0Abarth model:\u00a0500 silnik:\u00a01.4 rocznik: 01\/2008 &#8211; nacisk va:\u00a0830 kg nacisk ha:\u00a0735 kg obni\u017cenie va:\u00a010 &#8211; 50 mm obni\u017cenie ha:\u00a030 &#8211; 65 mm certyfikat:\u00a0w przygotowaniu opis:\u00a0Zawieszenie gwintowane Street Abarth 500 uwagi:\u00a01 &#8211; Je\u015bli wysoko\u015b\u0107 dolnego, regulowanego talerzyka znajduje si\u0119 poza zakresem okre\u015blonym przez producenta, gwarancja wygasa \u2013 technicznie mo\u017cliwe jest jednak obni\u017cenie wi\u0119ksze ni\u017c &hellip;<\/p>\n<p class=\"read-more\"> <a class=\"\" href=\"https:\/\/coilovers.pl\/index.php\/produkt\/zawieszenie-gwintowane-mts-technik-mtsgwfi07\/\"> <span class=\"screen-reader-text\">Zawieszenie gwintowane MTS Technik MTSGWFI07<\/span> Read More &raquo;<\/a><\/p>\n","protected":false},"featured_media":4747,"template":"","meta":[],"class_list":["post-1182","product","type-product","status-publish","has-post-thumbnail","hentry","pwb-brand-mts","product_cat-500-abarth","product_cat-500c"],"brands":[{"id":83,"name":"MTS","slug":"mts"}],"yoast_head":"<!-- This site is optimized with the Yoast SEO plugin v24.7 - https:\/\/yoast.com\/wordpress\/plugins\/seo\/ -->\n<title>Zawieszenie gwintowane MTS Technik MTSGWFI07 - CoiloversPL<\/title>\n<meta name=\"robots\" content=\"index, follow, max-snippet:-1, max-image-preview:large, max-video-preview:-1\" \/>\n<link rel=\"canonical\" href=\"https:\/\/coilovers.pl\/index.php\/produkt\/zawieszenie-gwintowane-mts-technik-mtsgwfi07\/\" \/>\n<meta property=\"og:locale\" content=\"pl_PL\" \/>\n<meta property=\"og:type\" content=\"article\" \/>\n<meta property=\"og:title\" content=\"Zawieszenie gwintowane MTS Technik MTSGWFI07 - CoiloversPL\" \/>\n<meta property=\"og:description\" content=\"producent:\u00a0MTS Technik marka:\u00a0Abarth model:\u00a0500 silnik:\u00a01.4 rocznik: 01\/2008 &#8211; nacisk va:\u00a0830 kg nacisk ha:\u00a0735 kg obni\u017cenie va:\u00a010 &#8211; 50 mm obni\u017cenie ha:\u00a030 &#8211; 65 mm certyfikat:\u00a0w przygotowaniu opis:\u00a0Zawieszenie gwintowane Street Abarth 500 uwagi:\u00a01 &#8211; Je\u015bli wysoko\u015b\u0107 dolnego, regulowanego talerzyka znajduje si\u0119 poza zakresem okre\u015blonym przez producenta, gwarancja wygasa \u2013 technicznie mo\u017cliwe jest jednak obni\u017cenie wi\u0119ksze ni\u017c &hellip; Zawieszenie gwintowane MTS Technik MTSGWFI07 Read More &raquo;\" \/>\n<meta property=\"og:url\" content=\"https:\/\/coilovers.pl\/index.php\/produkt\/zawieszenie-gwintowane-mts-technik-mtsgwfi07\/\" \/>\n<meta property=\"og:site_name\" content=\"CoiloversPL\" \/>\n<meta property=\"article:publisher\" content=\"https:\/\/www.facebook.com\/coiloverspl\" \/>\n<meta property=\"article:modified_time\" content=\"2023-09-28T08:37:39+00:00\" \/>\n<meta property=\"og:image\" content=\"https:\/\/coilovers.pl\/wp-content\/uploads\/2021\/03\/fiat-500.jpg\" \/>\n\t<meta property=\"og:image:width\" content=\"1000\" \/>\n\t<meta property=\"og:image:height\" content=\"667\" \/>\n\t<meta property=\"og:image:type\" content=\"image\/jpeg\" \/>\n<meta name=\"twitter:card\" content=\"summary_large_image\" \/>\n<meta name=\"twitter:label1\" content=\"Szacowany czas czytania\" \/>\n\t<meta name=\"twitter:data1\" content=\"1 minuta\" \/>\n<script type=\"application\/ld+json\" class=\"yoast-schema-graph\">{\"@context\":\"https:\/\/schema.org\",\"@graph\":[{\"@type\":\"WebPage\",\"@id\":\"https:\/\/coilovers.pl\/index.php\/produkt\/zawieszenie-gwintowane-mts-technik-mtsgwfi07\/\",\"url\":\"https:\/\/coilovers.pl\/index.php\/produkt\/zawieszenie-gwintowane-mts-technik-mtsgwfi07\/\",\"name\":\"Zawieszenie gwintowane MTS Technik MTSGWFI07 - CoiloversPL\",\"isPartOf\":{\"@id\":\"https:\/\/coilovers.pl\/#website\"},\"primaryImageOfPage\":{\"@id\":\"https:\/\/coilovers.pl\/index.php\/produkt\/zawieszenie-gwintowane-mts-technik-mtsgwfi07\/#primaryimage\"},\"image\":{\"@id\":\"https:\/\/coilovers.pl\/index.php\/produkt\/zawieszenie-gwintowane-mts-technik-mtsgwfi07\/#primaryimage\"},\"thumbnailUrl\":\"https:\/\/coilovers.pl\/wp-content\/uploads\/2021\/03\/fiat-500.jpg\",\"datePublished\":\"2021-03-09T11:06:17+00:00\",\"dateModified\":\"2023-09-28T08:37:39+00:00\",\"breadcrumb\":{\"@id\":\"https:\/\/coilovers.pl\/index.php\/produkt\/zawieszenie-gwintowane-mts-technik-mtsgwfi07\/#breadcrumb\"},\"inLanguage\":\"pl-PL\",\"potentialAction\":[{\"@type\":\"ReadAction\",\"target\":[\"https:\/\/coilovers.pl\/index.php\/produkt\/zawieszenie-gwintowane-mts-technik-mtsgwfi07\/\"]}]},{\"@type\":\"ImageObject\",\"inLanguage\":\"pl-PL\",\"@id\":\"https:\/\/coilovers.pl\/index.php\/produkt\/zawieszenie-gwintowane-mts-technik-mtsgwfi07\/#primaryimage\",\"url\":\"https:\/\/coilovers.pl\/wp-content\/uploads\/2021\/03\/fiat-500.jpg\",\"contentUrl\":\"https:\/\/coilovers.pl\/wp-content\/uploads\/2021\/03\/fiat-500.jpg\",\"width\":1000,\"height\":667},{\"@type\":\"BreadcrumbList\",\"@id\":\"https:\/\/coilovers.pl\/index.php\/produkt\/zawieszenie-gwintowane-mts-technik-mtsgwfi07\/#breadcrumb\",\"itemListElement\":[{\"@type\":\"ListItem\",\"position\":1,\"name\":\"Strona g\u0142\u00f3wna\",\"item\":\"https:\/\/coilovers.pl\/\"},{\"@type\":\"ListItem\",\"position\":2,\"name\":\"Sklep\",\"item\":\"https:\/\/coilovers.pl\/index.php\/sklep\/\"},{\"@type\":\"ListItem\",\"position\":3,\"name\":\"Zawieszenie gwintowane MTS Technik MTSGWFI07\"}]},{\"@type\":\"WebSite\",\"@id\":\"https:\/\/coilovers.pl\/#website\",\"url\":\"https:\/\/coilovers.pl\/\",\"name\":\"CoiloversPL\",\"description\":\"Zawieszenia Felgi Samochody\",\"publisher\":{\"@id\":\"https:\/\/coilovers.pl\/#organization\"},\"potentialAction\":[{\"@type\":\"SearchAction\",\"target\":{\"@type\":\"EntryPoint\",\"urlTemplate\":\"https:\/\/coilovers.pl\/?s={search_term_string}\"},\"query-input\":{\"@type\":\"PropertyValueSpecification\",\"valueRequired\":true,\"valueName\":\"search_term_string\"}}],\"inLanguage\":\"pl-PL\"},{\"@type\":\"Organization\",\"@id\":\"https:\/\/coilovers.pl\/#organization\",\"name\":\"CoiloversPL\",\"url\":\"https:\/\/coilovers.pl\/\",\"logo\":{\"@type\":\"ImageObject\",\"inLanguage\":\"pl-PL\",\"@id\":\"https:\/\/coilovers.pl\/#\/schema\/logo\/image\/\",\"url\":\"https:\/\/coilovers.pl\/wp-content\/uploads\/2021\/02\/cropped-logo.png\",\"contentUrl\":\"https:\/\/coilovers.pl\/wp-content\/uploads\/2021\/02\/cropped-logo.png\",\"width\":3039,\"height\":864,\"caption\":\"CoiloversPL\"},\"image\":{\"@id\":\"https:\/\/coilovers.pl\/#\/schema\/logo\/image\/\"},\"sameAs\":[\"https:\/\/www.facebook.com\/coiloverspl\",\"https:\/\/www.instagram.com\/coilovers_pl\/\"]}]}<\/script>\n<!-- \/ Yoast SEO plugin. -->","yoast_head_json":{"title":"Zawieszenie gwintowane MTS Technik MTSGWFI07 - CoiloversPL","robots":{"index":"index","follow":"follow","max-snippet":"max-snippet:-1","max-image-preview":"max-image-preview:large","max-video-preview":"max-video-preview:-1"},"canonical":"https:\/\/coilovers.pl\/index.php\/produkt\/zawieszenie-gwintowane-mts-technik-mtsgwfi07\/","og_locale":"pl_PL","og_type":"article","og_title":"Zawieszenie gwintowane MTS Technik MTSGWFI07 - CoiloversPL","og_description":"producent:\u00a0MTS Technik marka:\u00a0Abarth model:\u00a0500 silnik:\u00a01.4 rocznik: 01\/2008 &#8211; nacisk va:\u00a0830 kg nacisk ha:\u00a0735 kg obni\u017cenie va:\u00a010 &#8211; 50 mm obni\u017cenie ha:\u00a030 &#8211; 65 mm certyfikat:\u00a0w przygotowaniu opis:\u00a0Zawieszenie gwintowane Street Abarth 500 uwagi:\u00a01 &#8211; Je\u015bli wysoko\u015b\u0107 dolnego, regulowanego talerzyka znajduje si\u0119 poza zakresem okre\u015blonym przez producenta, gwarancja wygasa \u2013 technicznie mo\u017cliwe jest jednak obni\u017cenie wi\u0119ksze ni\u017c &hellip; Zawieszenie gwintowane MTS Technik MTSGWFI07 Read More &raquo;","og_url":"https:\/\/coilovers.pl\/index.php\/produkt\/zawieszenie-gwintowane-mts-technik-mtsgwfi07\/","og_site_name":"CoiloversPL","article_publisher":"https:\/\/www.facebook.com\/coiloverspl","article_modified_time":"2023-09-28T08:37:39+00:00","og_image":[{"width":1000,"height":667,"url":"https:\/\/coilovers.pl\/wp-content\/uploads\/2021\/03\/fiat-500.jpg","type":"image\/jpeg"}],"twitter_card":"summary_large_image","twitter_misc":{"Szacowany czas czytania":"1 minuta"},"schema":{"@context":"https:\/\/schema.org","@graph":[{"@type":"WebPage","@id":"https:\/\/coilovers.pl\/index.php\/produkt\/zawieszenie-gwintowane-mts-technik-mtsgwfi07\/","url":"https:\/\/coilovers.pl\/index.php\/produkt\/zawieszenie-gwintowane-mts-technik-mtsgwfi07\/","name":"Zawieszenie gwintowane MTS Technik MTSGWFI07 - CoiloversPL","isPartOf":{"@id":"https:\/\/coilovers.pl\/#website"},"primaryImageOfPage":{"@id":"https:\/\/coilovers.pl\/index.php\/produkt\/zawieszenie-gwintowane-mts-technik-mtsgwfi07\/#primaryimage"},"image":{"@id":"https:\/\/coilovers.pl\/index.php\/produkt\/zawieszenie-gwintowane-mts-technik-mtsgwfi07\/#primaryimage"},"thumbnailUrl":"https:\/\/coilovers.pl\/wp-content\/uploads\/2021\/03\/fiat-500.jpg","datePublished":"2021-03-09T11:06:17+00:00","dateModified":"2023-09-28T08:37:39+00:00","breadcrumb":{"@id":"https:\/\/coilovers.pl\/index.php\/produkt\/zawieszenie-gwintowane-mts-technik-mtsgwfi07\/#breadcrumb"},"inLanguage":"pl-PL","potentialAction":[{"@type":"ReadAction","target":["https:\/\/coilovers.pl\/index.php\/produkt\/zawieszenie-gwintowane-mts-technik-mtsgwfi07\/"]}]},{"@type":"ImageObject","inLanguage":"pl-PL","@id":"https:\/\/coilovers.pl\/index.php\/produkt\/zawieszenie-gwintowane-mts-technik-mtsgwfi07\/#primaryimage","url":"https:\/\/coilovers.pl\/wp-content\/uploads\/2021\/03\/fiat-500.jpg","contentUrl":"https:\/\/coilovers.pl\/wp-content\/uploads\/2021\/03\/fiat-500.jpg","width":1000,"height":667},{"@type":"BreadcrumbList","@id":"https:\/\/coilovers.pl\/index.php\/produkt\/zawieszenie-gwintowane-mts-technik-mtsgwfi07\/#breadcrumb","itemListElement":[{"@type":"ListItem","position":1,"name":"Strona g\u0142\u00f3wna","item":"https:\/\/coilovers.pl\/"},{"@type":"ListItem","position":2,"name":"Sklep","item":"https:\/\/coilovers.pl\/index.php\/sklep\/"},{"@type":"ListItem","position":3,"name":"Zawieszenie gwintowane MTS Technik MTSGWFI07"}]},{"@type":"WebSite","@id":"https:\/\/coilovers.pl\/#website","url":"https:\/\/coilovers.pl\/","name":"CoiloversPL","description":"Zawieszenia Felgi Samochody","publisher":{"@id":"https:\/\/coilovers.pl\/#organization"},"potentialAction":[{"@type":"SearchAction","target":{"@type":"EntryPoint","urlTemplate":"https:\/\/coilovers.pl\/?s={search_term_string}"},"query-input":{"@type":"PropertyValueSpecification","valueRequired":true,"valueName":"search_term_string"}}],"inLanguage":"pl-PL"},{"@type":"Organization","@id":"https:\/\/coilovers.pl\/#organization","name":"CoiloversPL","url":"https:\/\/coilovers.pl\/","logo":{"@type":"ImageObject","inLanguage":"pl-PL","@id":"https:\/\/coilovers.pl\/#\/schema\/logo\/image\/","url":"https:\/\/coilovers.pl\/wp-content\/uploads\/2021\/02\/cropped-logo.png","contentUrl":"https:\/\/coilovers.pl\/wp-content\/uploads\/2021\/02\/cropped-logo.png","width":3039,"height":864,"caption":"CoiloversPL"},"image":{"@id":"https:\/\/coilovers.pl\/#\/schema\/logo\/image\/"},"sameAs":["https:\/\/www.facebook.com\/coiloverspl","https:\/\/www.instagram.com\/coilovers_pl\/"]}]}},"_links":{"self":[{"href":"https:\/\/coilovers.pl\/index.php\/wp-json\/wp\/v2\/product\/1182","targetHints":{"allow":["GET"]}}],"collection":[{"href":"https:\/\/coilovers.pl\/index.php\/wp-json\/wp\/v2\/product"}],"about":[{"href":"https:\/\/coilovers.pl\/index.php\/wp-json\/wp\/v2\/types\/product"}],"wp:featuredmedia":[{"embeddable":true,"href":"https:\/\/coilovers.pl\/index.php\/wp-json\/wp\/v2\/media\/4747"}],"wp:attachment":[{"href":"https:\/\/coilovers.pl\/index.php\/wp-json\/wp\/v2\/media?parent=1182"}],"curies":[{"name":"wp","href":"https:\/\/api.w.org\/{rel}","templated":true}]}}